{"id":33320,"date":"2017-04-27T16:27:02","date_gmt":"2017-04-27T14:27:02","guid":{"rendered":"http:\/\/2017.acampa.eu\/wp-content\/uploads\/DomuAfrica.png"},"modified":"2017-04-27T16:27:02","modified_gmt":"2017-04-27T14:27:02","slug":"domuafrica-2","status":"inherit","type":"attachment","link":"https:\/\/coruna2017.redeacampa.org\/en\/collaborate\/domuafrica-2\/","title":{"rendered":"DomuAfrica"},"author":1,"featured_media":0,"comment_status":"open","ping_status":"closed","template":"","meta":{"_et_pb_use_builder":"","_et_pb_old_content":"","_et_gb_content_width":"","inline_featured_image":false},"class_list":["post-33320","attachment","type-attachment","status-inherit","hentry"],"yoast_head":"<!-- This site is optimized with the Yoast SEO plugin v27.4 - https:\/\/yoast.com\/product\/yoast-seo-wordpress\/ -->\n<title>DomuAfrica | Acampa 2017 - Pola paz e o dereito a refuxio<\/title>\n<meta name=\"robots\" content=\"index, follow, max-snippet:-1, max-image-preview:large, max-video-preview:-1\" \/>\n<link rel=\"canonical\" href=\"https:\/\/coruna2017.redeacampa.org\/en\/collaborate\/domuafrica-2\/\" \/>\n<meta property=\"og:locale\" content=\"en_US\" \/>\n<meta property=\"og:type\" content=\"article\" \/>\n<meta property=\"og:title\" content=\"DomuAfrica | Acampa 2017 - Pola paz e o dereito a refuxio\" \/>\n<meta property=\"og:url\" content=\"https:\/\/coruna2017.redeacampa.org\/en\/collaborate\/domuafrica-2\/\" \/>\n<meta property=\"og:site_name\" content=\"Acampa 2017 - Pola paz e o dereito a refuxio\" \/>\n<meta property=\"og:image\" content=\"https:\/\/coruna2017.redeacampa.org\/wp-content\/uploads\/DomuAfrica.png\" \/>\n\t<meta property=\"og:image:width\" content=\"300\" \/>\n\t<meta property=\"og:image:height\" content=\"150\" \/>\n\t<meta property=\"og:image:type\" content=\"image\/png\" \/>\n<meta name=\"twitter:card\" content=\"summary_large_image\" \/>\n<script type=\"application\/ld+json\" class=\"yoast-schema-graph\">{\"@context\":\"https:\\\/\\\/schema.org\",\"@graph\":[{\"@type\":\"WebPage\",\"@id\":\"https:\\\/\\\/coruna2017.redeacampa.org\\\/en\\\/collaborate\\\/domuafrica-2\\\/\",\"url\":\"https:\\\/\\\/coruna2017.redeacampa.org\\\/en\\\/collaborate\\\/domuafrica-2\\\/\",\"name\":\"DomuAfrica | Acampa 2017 - Pola paz e o dereito a refuxio\",\"isPartOf\":{\"@id\":\"https:\\\/\\\/coruna2017.redeacampa.org\\\/en\\\/#website\"},\"datePublished\":\"2017-04-27T14:27:02+00:00\",\"breadcrumb\":{\"@id\":\"https:\\\/\\\/coruna2017.redeacampa.org\\\/en\\\/collaborate\\\/domuafrica-2\\\/#breadcrumb\"},\"inLanguage\":\"en-US\",\"potentialAction\":[{\"@type\":\"ReadAction\",\"target\":[\"https:\\\/\\\/coruna2017.redeacampa.org\\\/en\\\/collaborate\\\/domuafrica-2\\\/\"]}]},{\"@type\":\"BreadcrumbList\",\"@id\":\"https:\\\/\\\/coruna2017.redeacampa.org\\\/en\\\/collaborate\\\/domuafrica-2\\\/#breadcrumb\",\"itemListElement\":[{\"@type\":\"ListItem\",\"position\":1,\"name\":\"Portada\",\"item\":\"https:\\\/\\\/coruna2017.redeacampa.org\\\/en\\\/\"},{\"@type\":\"ListItem\",\"position\":2,\"name\":\"Collaborate 2017\",\"item\":\"https:\\\/\\\/coruna2017.redeacampa.org\\\/en\\\/collaborate\\\/\"},{\"@type\":\"ListItem\",\"position\":3,\"name\":\"DomuAfrica\"}]},{\"@type\":\"WebSite\",\"@id\":\"https:\\\/\\\/coruna2017.redeacampa.org\\\/en\\\/#website\",\"url\":\"https:\\\/\\\/coruna2017.redeacampa.org\\\/en\\\/\",\"name\":\"Acampa 2017 - Pola paz e o dereito a refuxio\",\"description\":\"Unha iniciativa cidad\u00e1 sen fins de lucro integrada por colectivos sociais, culturais, educativos, veci\u00f1ais, pol\u00edticos, sindicais, art\u00edsticos, de persoas solidarias, de instituci\u00f3ns e empresas con responsabilidade social que te\u00f1en como obxectivo a defensa dos dereitos humanos, o Dereito Internacional Humanitario e o Dereito a Refuxio.\",\"potentialAction\":[{\"@type\":\"SearchAction\",\"target\":{\"@type\":\"EntryPoint\",\"urlTemplate\":\"https:\\\/\\\/coruna2017.redeacampa.org\\\/en\\\/?s={search_term_string}\"},\"query-input\":{\"@type\":\"PropertyValueSpecification\",\"valueRequired\":true,\"valueName\":\"search_term_string\"}}],\"inLanguage\":\"en-US\"}]}<\/script>\n<!-- \/ Yoast SEO plugin. -->","yoast_head_json":{"title":"DomuAfrica | Acampa 2017 - Pola paz e o dereito a refuxio","robots":{"index":"index","follow":"follow","max-snippet":"max-snippet:-1","max-image-preview":"max-image-preview:large","max-video-preview":"max-video-preview:-1"},"canonical":"https:\/\/coruna2017.redeacampa.org\/en\/collaborate\/domuafrica-2\/","og_locale":"en_US","og_type":"article","og_title":"DomuAfrica | Acampa 2017 - Pola paz e o dereito a refuxio","og_url":"https:\/\/coruna2017.redeacampa.org\/en\/collaborate\/domuafrica-2\/","og_site_name":"Acampa 2017 - Pola paz e o dereito a refuxio","og_image":[{"width":300,"height":150,"url":"https:\/\/coruna2017.redeacampa.org\/wp-content\/uploads\/DomuAfrica.png","type":"image\/png"}],"twitter_card":"summary_large_image","schema":{"@context":"https:\/\/schema.org","@graph":[{"@type":"WebPage","@id":"https:\/\/coruna2017.redeacampa.org\/en\/collaborate\/domuafrica-2\/","url":"https:\/\/coruna2017.redeacampa.org\/en\/collaborate\/domuafrica-2\/","name":"DomuAfrica | Acampa 2017 - Pola paz e o dereito a refuxio","isPartOf":{"@id":"https:\/\/coruna2017.redeacampa.org\/en\/#website"},"datePublished":"2017-04-27T14:27:02+00:00","breadcrumb":{"@id":"https:\/\/coruna2017.redeacampa.org\/en\/collaborate\/domuafrica-2\/#breadcrumb"},"inLanguage":"en-US","potentialAction":[{"@type":"ReadAction","target":["https:\/\/coruna2017.redeacampa.org\/en\/collaborate\/domuafrica-2\/"]}]},{"@type":"BreadcrumbList","@id":"https:\/\/coruna2017.redeacampa.org\/en\/collaborate\/domuafrica-2\/#breadcrumb","itemListElement":[{"@type":"ListItem","position":1,"name":"Portada","item":"https:\/\/coruna2017.redeacampa.org\/en\/"},{"@type":"ListItem","position":2,"name":"Collaborate 2017","item":"https:\/\/coruna2017.redeacampa.org\/en\/collaborate\/"},{"@type":"ListItem","position":3,"name":"DomuAfrica"}]},{"@type":"WebSite","@id":"https:\/\/coruna2017.redeacampa.org\/en\/#website","url":"https:\/\/coruna2017.redeacampa.org\/en\/","name":"Acampa 2017 - Pola paz e o dereito a refuxio","description":"Unha iniciativa cidad\u00e1 sen fins de lucro integrada por colectivos sociais, culturais, educativos, veci\u00f1ais, pol\u00edticos, sindicais, art\u00edsticos, de persoas solidarias, de instituci\u00f3ns e empresas con responsabilidade social que te\u00f1en como obxectivo a defensa dos dereitos humanos, o Dereito Internacional Humanitario e o Dereito a Refuxio.","potentialAction":[{"@type":"SearchAction","target":{"@type":"EntryPoint","urlTemplate":"https:\/\/coruna2017.redeacampa.org\/en\/?s={search_term_string}"},"query-input":{"@type":"PropertyValueSpecification","valueRequired":true,"valueName":"search_term_string"}}],"inLanguage":"en-US"}]}},"description":{"rendered":"<p class=\"attachment\"><a href='https:\/\/coruna2017.redeacampa.org\/wp-content\/uploads\/DomuAfrica.png'><img loading=\"lazy\" decoding=\"async\" width=\"300\" height=\"150\" src=\"https:\/\/coruna2017.redeacampa.org\/wp-content\/uploads\/DomuAfrica-300x150.png\" class=\"attachment-medium size-medium\" alt=\"\" \/><\/a><\/p>\n"},"caption":{"rendered":""},"alt_text":"","media_type":"image","mime_type":"image\/png","media_details":{"width":300,"height":150,"file":"DomuAfrica.png","sizes":{"thumbnail":{"file":"DomuAfrica-150x150.png","width":150,"height":150,"mime_type":"image\/png","source_url":"https:\/\/coruna2017.redeacampa.org\/wp-content\/uploads\/DomuAfrica-150x150.png"},"medium":{"file":"DomuAfrica-300x150.png","width":300,"height":150,"mime_type":"image\/png","source_url":"https:\/\/coruna2017.redeacampa.org\/wp-content\/uploads\/DomuAfrica-300x150.png"},"full":{"file":"DomuAfrica.png","width":300,"height":150,"mime_type":"image\/png","source_url":"https:\/\/coruna2017.redeacampa.org\/wp-content\/uploads\/DomuAfrica.png"}},"image_meta":{"aperture":"0","credit":"","camera":"","caption":"","created_timestamp":"0","copyright":"","focal_length":"0","iso":"0","shutter_speed":"0","title":"","orientation":"0","keywords":[]}},"post":30616,"source_url":"https:\/\/coruna2017.redeacampa.org\/wp-content\/uploads\/DomuAfrica.png","_links":{"self":[{"href":"https:\/\/coruna2017.redeacampa.org\/en\/wp-json\/wp\/v2\/media\/33320","targetHints":{"allow":["GET"]}}],"collection":[{"href":"https:\/\/coruna2017.redeacampa.org\/en\/wp-json\/wp\/v2\/media"}],"about":[{"href":"https:\/\/coruna2017.redeacampa.org\/en\/wp-json\/wp\/v2\/types\/attachment"}],"author":[{"embeddable":true,"href":"https:\/\/coruna2017.redeacampa.org\/en\/wp-json\/wp\/v2\/users\/1"}],"replies":[{"embeddable":true,"href":"https:\/\/coruna2017.redeacampa.org\/en\/wp-json\/wp\/v2\/comments?post=33320"}],"wp:attached-to":[{"embeddable":true,"post_type":"page","id":30616,"href":"https:\/\/coruna2017.redeacampa.org\/en\/wp-json\/wp\/v2\/pages\/30616"}],"curies":[{"name":"wp","href":"https:\/\/api.w.org\/{rel}","templated":true}]}}

<!-- This site is optimized with the Yoast SEO plugin v27.4 - https://yoast.com/product/yoast-seo-wordpress/ -->
<title>DomuAfrica | Acampa 2017 - Pola paz e o dereito a refuxio</title>
<meta name="robots" content="index, follow, max-snippet:-1, max-image-preview:large, max-video-preview:-1" />
<link rel="canonical" href="https://coruna2017.redeacampa.org/en/collaborate/domuafrica-2/" />
<meta property="og:locale" content="en_US" />
<meta property="og:type" content="article" />
<meta property="og:title" content="DomuAfrica | Acampa 2017 - Pola paz e o dereito a refuxio" />
<meta property="og:url" content="https://coruna2017.redeacampa.org/en/collaborate/domuafrica-2/" />
<meta property="og:site_name" content="Acampa 2017 - Pola paz e o dereito a refuxio" />
<meta property="og:image" content="https://coruna2017.redeacampa.org/wp-content/uploads/DomuAfrica.png" />
	<meta property="og:image:width" content="300" />
	<meta property="og:image:height" content="150" />
	<meta property="og:image:type" content="image/png" />
<meta name="twitter:card" content="summary_large_image" />
<script type="application/ld+json" class="yoast-schema-graph">{"@context":"https:\/\/schema.org","@graph":[{"@type":"WebPage","@id":"https:\/\/coruna2017.redeacampa.org\/en\/collaborate\/domuafrica-2\/","url":"https:\/\/coruna2017.redeacampa.org\/en\/collaborate\/domuafrica-2\/","name":"DomuAfrica | Acampa 2017 - Pola paz e o dereito a refuxio","isPartOf":{"@id":"https:\/\/coruna2017.redeacampa.org\/en\/#website"},"datePublished":"2017-04-27T14:27:02+00:00","breadcrumb":{"@id":"https:\/\/coruna2017.redeacampa.org\/en\/collaborate\/domuafrica-2\/#breadcrumb"},"inLanguage":"en-US","potentialAction":[{"@type":"ReadAction","target":["https:\/\/coruna2017.redeacampa.org\/en\/collaborate\/domuafrica-2\/"]}]},{"@type":"BreadcrumbList","@id":"https:\/\/coruna2017.redeacampa.org\/en\/collaborate\/domuafrica-2\/#breadcrumb","itemListElement":[{"@type":"ListItem","position":1,"name":"Portada","item":"https:\/\/coruna2017.redeacampa.org\/en\/"},{"@type":"ListItem","position":2,"name":"Collaborate 2017","item":"https:\/\/coruna2017.redeacampa.org\/en\/collaborate\/"},{"@type":"ListItem","position":3,"name":"DomuAfrica"}]},{"@type":"WebSite","@id":"https:\/\/coruna2017.redeacampa.org\/en\/#website","url":"https:\/\/coruna2017.redeacampa.org\/en\/","name":"Acampa 2017 - Pola paz e o dereito a refuxio","description":"Unha iniciativa cidadá sen fins de lucro integrada por colectivos sociais, culturais, educativos, veciñais, políticos, sindicais, artísticos, de persoas solidarias, de institucións e empresas con responsabilidade social que teñen como obxectivo a defensa dos dereitos humanos, o Dereito Internacional Humanitario e o Dereito a Refuxio.","potentialAction":[{"@type":"SearchAction","target":{"@type":"EntryPoint","urlTemplate":"https:\/\/coruna2017.redeacampa.org\/en\/?s={search_term_string}"},"query-input":{"@type":"PropertyValueSpecification","valueRequired":true,"valueName":"search_term_string"}}],"inLanguage":"en-US"}]}</script>
<!-- / Yoast SEO plugin. -->

Unha iniciativa cidadá sen fins de lucro integrada por colectivos sociais, culturais, educativos, veciñais, políticos, sindicais, artísticos, de persoas solidarias, de institucións e empresas con responsabilidade social que teñen como obxectivo a defensa dos dereitos humanos, o Dereito Internacional Humanitario e o Dereito a Refuxio.
