{"id":33771,"date":"2017-05-08T14:16:18","date_gmt":"2017-05-08T12:16:18","guid":{"rendered":"http:\/\/2017.acampa.eu\/wp-content\/uploads\/Kawa.jpg"},"modified":"2017-05-08T14:37:22","modified_gmt":"2017-05-08T12:37:22","slug":"kawa","status":"inherit","type":"attachment","link":"https:\/\/coruna2017.redeacampa.org\/es\/events\/kawa\/kawa\/","title":{"rendered":"Kawa"},"author":1,"featured_media":0,"comment_status":"open","ping_status":"closed","template":"","meta":{"_et_pb_use_builder":"","_et_pb_old_content":"","_et_gb_content_width":"","inline_featured_image":false},"class_list":["post-33771","attachment","type-attachment","status-inherit","hentry"],"yoast_head":"<!-- This site is optimized with the Yoast SEO plugin v27.4 - https:\/\/yoast.com\/product\/yoast-seo-wordpress\/ -->\n<title>Kawa | Acampa 2017 - Pola paz e o dereito a refuxio<\/title>\n<meta name=\"robots\" content=\"index, follow, max-snippet:-1, max-image-preview:large, max-video-preview:-1\" \/>\n<link rel=\"canonical\" href=\"https:\/\/coruna2017.redeacampa.org\/es\/events\/kawa\/kawa\/\" \/>\n<meta property=\"og:locale\" content=\"es_ES\" \/>\n<meta property=\"og:type\" content=\"article\" \/>\n<meta property=\"og:title\" content=\"Kawa | Acampa 2017 - Pola paz e o dereito a refuxio\" \/>\n<meta property=\"og:description\" content=\"Kawa\" \/>\n<meta property=\"og:url\" content=\"https:\/\/coruna2017.redeacampa.org\/es\/events\/kawa\/kawa\/\" \/>\n<meta property=\"og:site_name\" content=\"Acampa 2017 - Pola paz e o dereito a refuxio\" \/>\n<meta property=\"article:modified_time\" content=\"2017-05-08T12:37:22+00:00\" \/>\n<meta property=\"og:image\" content=\"https:\/\/coruna2017.redeacampa.org\/wp-content\/uploads\/Kawa.jpg\" \/>\n\t<meta property=\"og:image:width\" content=\"400\" \/>\n\t<meta property=\"og:image:height\" content=\"289\" \/>\n\t<meta property=\"og:image:type\" content=\"image\/jpeg\" \/>\n<meta name=\"twitter:card\" content=\"summary_large_image\" \/>\n<script type=\"application\/ld+json\" class=\"yoast-schema-graph\">{\"@context\":\"https:\\\/\\\/schema.org\",\"@graph\":[{\"@type\":\"WebPage\",\"@id\":\"https:\\\/\\\/coruna2017.redeacampa.org\\\/es\\\/events\\\/kawa\\\/kawa\\\/\",\"url\":\"https:\\\/\\\/coruna2017.redeacampa.org\\\/es\\\/events\\\/kawa\\\/kawa\\\/\",\"name\":\"Kawa | Acampa 2017 - Pola paz e o dereito a refuxio\",\"isPartOf\":{\"@id\":\"https:\\\/\\\/coruna2017.redeacampa.org\\\/es\\\/#website\"},\"datePublished\":\"2017-05-08T12:16:18+00:00\",\"dateModified\":\"2017-05-08T12:37:22+00:00\",\"breadcrumb\":{\"@id\":\"https:\\\/\\\/coruna2017.redeacampa.org\\\/es\\\/events\\\/kawa\\\/kawa\\\/#breadcrumb\"},\"inLanguage\":\"es\",\"potentialAction\":[{\"@type\":\"ReadAction\",\"target\":[\"https:\\\/\\\/coruna2017.redeacampa.org\\\/es\\\/events\\\/kawa\\\/kawa\\\/\"]}]},{\"@type\":\"BreadcrumbList\",\"@id\":\"https:\\\/\\\/coruna2017.redeacampa.org\\\/es\\\/events\\\/kawa\\\/kawa\\\/#breadcrumb\",\"itemListElement\":[{\"@type\":\"ListItem\",\"position\":1,\"name\":\"Portada\",\"item\":\"https:\\\/\\\/coruna2017.redeacampa.org\\\/es\\\/\"},{\"@type\":\"ListItem\",\"position\":2,\"name\":\"Kawa\"}]},{\"@type\":\"WebSite\",\"@id\":\"https:\\\/\\\/coruna2017.redeacampa.org\\\/es\\\/#website\",\"url\":\"https:\\\/\\\/coruna2017.redeacampa.org\\\/es\\\/\",\"name\":\"Acampa 2017 - Pola paz e o dereito a refuxio\",\"description\":\"Unha iniciativa cidad\u00e1 sen fins de lucro integrada por colectivos sociais, culturais, educativos, veci\u00f1ais, pol\u00edticos, sindicais, art\u00edsticos, de persoas solidarias, de instituci\u00f3ns e empresas con responsabilidade social que te\u00f1en como obxectivo a defensa dos dereitos humanos, o Dereito Internacional Humanitario e o Dereito a Refuxio.\",\"potentialAction\":[{\"@type\":\"SearchAction\",\"target\":{\"@type\":\"EntryPoint\",\"urlTemplate\":\"https:\\\/\\\/coruna2017.redeacampa.org\\\/es\\\/?s={search_term_string}\"},\"query-input\":{\"@type\":\"PropertyValueSpecification\",\"valueRequired\":true,\"valueName\":\"search_term_string\"}}],\"inLanguage\":\"es\"}]}<\/script>\n<!-- \/ Yoast SEO plugin. -->","yoast_head_json":{"title":"Kawa | Acampa 2017 - Pola paz e o dereito a refuxio","robots":{"index":"index","follow":"follow","max-snippet":"max-snippet:-1","max-image-preview":"max-image-preview:large","max-video-preview":"max-video-preview:-1"},"canonical":"https:\/\/coruna2017.redeacampa.org\/es\/events\/kawa\/kawa\/","og_locale":"es_ES","og_type":"article","og_title":"Kawa | Acampa 2017 - Pola paz e o dereito a refuxio","og_description":"Kawa","og_url":"https:\/\/coruna2017.redeacampa.org\/es\/events\/kawa\/kawa\/","og_site_name":"Acampa 2017 - Pola paz e o dereito a refuxio","article_modified_time":"2017-05-08T12:37:22+00:00","og_image":[{"width":400,"height":289,"url":"https:\/\/coruna2017.redeacampa.org\/wp-content\/uploads\/Kawa.jpg","type":"image\/jpeg"}],"twitter_card":"summary_large_image","schema":{"@context":"https:\/\/schema.org","@graph":[{"@type":"WebPage","@id":"https:\/\/coruna2017.redeacampa.org\/es\/events\/kawa\/kawa\/","url":"https:\/\/coruna2017.redeacampa.org\/es\/events\/kawa\/kawa\/","name":"Kawa | Acampa 2017 - Pola paz e o dereito a refuxio","isPartOf":{"@id":"https:\/\/coruna2017.redeacampa.org\/es\/#website"},"datePublished":"2017-05-08T12:16:18+00:00","dateModified":"2017-05-08T12:37:22+00:00","breadcrumb":{"@id":"https:\/\/coruna2017.redeacampa.org\/es\/events\/kawa\/kawa\/#breadcrumb"},"inLanguage":"es","potentialAction":[{"@type":"ReadAction","target":["https:\/\/coruna2017.redeacampa.org\/es\/events\/kawa\/kawa\/"]}]},{"@type":"BreadcrumbList","@id":"https:\/\/coruna2017.redeacampa.org\/es\/events\/kawa\/kawa\/#breadcrumb","itemListElement":[{"@type":"ListItem","position":1,"name":"Portada","item":"https:\/\/coruna2017.redeacampa.org\/es\/"},{"@type":"ListItem","position":2,"name":"Kawa"}]},{"@type":"WebSite","@id":"https:\/\/coruna2017.redeacampa.org\/es\/#website","url":"https:\/\/coruna2017.redeacampa.org\/es\/","name":"Acampa 2017 - Pola paz e o dereito a refuxio","description":"Unha iniciativa cidad\u00e1 sen fins de lucro integrada por colectivos sociais, culturais, educativos, veci\u00f1ais, pol\u00edticos, sindicais, art\u00edsticos, de persoas solidarias, de instituci\u00f3ns e empresas con responsabilidade social que te\u00f1en como obxectivo a defensa dos dereitos humanos, o Dereito Internacional Humanitario e o Dereito a Refuxio.","potentialAction":[{"@type":"SearchAction","target":{"@type":"EntryPoint","urlTemplate":"https:\/\/coruna2017.redeacampa.org\/es\/?s={search_term_string}"},"query-input":{"@type":"PropertyValueSpecification","valueRequired":true,"valueName":"search_term_string"}}],"inLanguage":"es"}]}},"description":{"rendered":"<p class=\"attachment\"><a href='https:\/\/coruna2017.redeacampa.org\/wp-content\/uploads\/Kawa.jpg'><img loading=\"lazy\" decoding=\"async\" width=\"300\" height=\"217\" src=\"https:\/\/coruna2017.redeacampa.org\/wp-content\/uploads\/Kawa-300x217.jpg\" class=\"attachment-medium size-medium\" alt=\"Kawa\" srcset=\"https:\/\/coruna2017.redeacampa.org\/wp-content\/uploads\/Kawa-300x217.jpg 300w, https:\/\/coruna2017.redeacampa.org\/wp-content\/uploads\/Kawa.jpg 400w\" sizes=\"(max-width: 300px) 100vw, 300px\" \/><\/a><\/p>\n<p>Kawa<\/p>\n"},"caption":{"rendered":"<p>Kawa<\/p>\n"},"alt_text":"Kawa","media_type":"image","mime_type":"image\/jpeg","media_details":{"width":400,"height":289,"file":"Kawa.jpg","sizes":{"thumbnail":{"file":"Kawa-150x150.jpg","width":150,"height":150,"mime_type":"image\/jpeg","source_url":"https:\/\/coruna2017.redeacampa.org\/wp-content\/uploads\/Kawa-150x150.jpg"},"medium":{"file":"Kawa-300x217.jpg","width":300,"height":217,"mime_type":"image\/jpeg","source_url":"https:\/\/coruna2017.redeacampa.org\/wp-content\/uploads\/Kawa-300x217.jpg"},"et-pb-post-main-image":{"file":"Kawa-400x250.jpg","width":400,"height":250,"mime_type":"image\/jpeg","source_url":"https:\/\/coruna2017.redeacampa.org\/wp-content\/uploads\/Kawa-400x250.jpg"},"et-pb-portfolio-image":{"file":"Kawa-400x284.jpg","width":400,"height":284,"mime_type":"image\/jpeg","source_url":"https:\/\/coruna2017.redeacampa.org\/wp-content\/uploads\/Kawa-400x284.jpg"},"et-pb-gallery-module-image-portrait":{"file":"Kawa-400x289.jpg","width":400,"height":289,"mime_type":"image\/jpeg","source_url":"https:\/\/coruna2017.redeacampa.org\/wp-content\/uploads\/Kawa-400x289.jpg"},"full":{"file":"Kawa.jpg","width":400,"height":289,"mime_type":"image\/jpeg","source_url":"https:\/\/coruna2017.redeacampa.org\/wp-content\/uploads\/Kawa.jpg"}},"image_meta":{"aperture":"8","credit":"","camera":"Canon EOS 70D","caption":"","created_timestamp":"1464872802","copyright":"\u00a9 Xos\u00e9 Abad","focal_length":"17","iso":"100","shutter_speed":"0.02","title":"","orientation":"1","keywords":["Kawa Hadji","Kawa Hadji dej\u00f3 Siria con destino Irak en 2013 y a Grecia lleg\u00f3 en febrero de 2016. La pintura le ha gustado desde bien peque\u00f1o y reconoce que es un enamorado de Goya y Picasso.","Adem\u00e1s","El Quijote ha sido una inspiraci\u00f3n constante en su arte","y ya en Grecia supo ver las similitudes entre el personaje del gran Miguel de Cervantes y los refugiados","valientes y generosos."]}},"post":31717,"source_url":"https:\/\/coruna2017.redeacampa.org\/wp-content\/uploads\/Kawa.jpg","_links":{"self":[{"href":"https:\/\/coruna2017.redeacampa.org\/es\/wp-json\/wp\/v2\/media\/33771","targetHints":{"allow":["GET"]}}],"collection":[{"href":"https:\/\/coruna2017.redeacampa.org\/es\/wp-json\/wp\/v2\/media"}],"about":[{"href":"https:\/\/coruna2017.redeacampa.org\/es\/wp-json\/wp\/v2\/types\/attachment"}],"author":[{"embeddable":true,"href":"https:\/\/coruna2017.redeacampa.org\/es\/wp-json\/wp\/v2\/users\/1"}],"replies":[{"embeddable":true,"href":"https:\/\/coruna2017.redeacampa.org\/es\/wp-json\/wp\/v2\/comments?post=33771"}],"wp:attached-to":[{"embeddable":true,"post_type":"ajde_events","id":31717,"href":"https:\/\/coruna2017.redeacampa.org\/es\/wp-json\/wp\/v2\/ajde_events\/31717"}],"curies":[{"name":"wp","href":"https:\/\/api.w.org\/{rel}","templated":true}]}}

<!-- This site is optimized with the Yoast SEO plugin v27.4 - https://yoast.com/product/yoast-seo-wordpress/ -->
<title>Kawa | Acampa 2017 - Pola paz e o dereito a refuxio</title>
<meta name="robots" content="index, follow, max-snippet:-1, max-image-preview:large, max-video-preview:-1" />
<link rel="canonical" href="https://coruna2017.redeacampa.org/es/events/kawa/kawa/" />
<meta property="og:locale" content="es_ES" />
<meta property="og:type" content="article" />
<meta property="og:title" content="Kawa | Acampa 2017 - Pola paz e o dereito a refuxio" />
<meta property="og:description" content="Kawa" />
<meta property="og:url" content="https://coruna2017.redeacampa.org/es/events/kawa/kawa/" />
<meta property="og:site_name" content="Acampa 2017 - Pola paz e o dereito a refuxio" />
<meta property="article:modified_time" content="2017-05-08T12:37:22+00:00" />
<meta property="og:image" content="https://coruna2017.redeacampa.org/wp-content/uploads/Kawa.jpg" />
	<meta property="og:image:width" content="400" />
	<meta property="og:image:height" content="289" />
	<meta property="og:image:type" content="image/jpeg" />
<meta name="twitter:card" content="summary_large_image" />
<script type="application/ld+json" class="yoast-schema-graph">{"@context":"https:\/\/schema.org","@graph":[{"@type":"WebPage","@id":"https:\/\/coruna2017.redeacampa.org\/es\/events\/kawa\/kawa\/","url":"https:\/\/coruna2017.redeacampa.org\/es\/events\/kawa\/kawa\/","name":"Kawa | Acampa 2017 - Pola paz e o dereito a refuxio","isPartOf":{"@id":"https:\/\/coruna2017.redeacampa.org\/es\/#website"},"datePublished":"2017-05-08T12:16:18+00:00","dateModified":"2017-05-08T12:37:22+00:00","breadcrumb":{"@id":"https:\/\/coruna2017.redeacampa.org\/es\/events\/kawa\/kawa\/#breadcrumb"},"inLanguage":"es","potentialAction":[{"@type":"ReadAction","target":["https:\/\/coruna2017.redeacampa.org\/es\/events\/kawa\/kawa\/"]}]},{"@type":"BreadcrumbList","@id":"https:\/\/coruna2017.redeacampa.org\/es\/events\/kawa\/kawa\/#breadcrumb","itemListElement":[{"@type":"ListItem","position":1,"name":"Portada","item":"https:\/\/coruna2017.redeacampa.org\/es\/"},{"@type":"ListItem","position":2,"name":"Kawa"}]},{"@type":"WebSite","@id":"https:\/\/coruna2017.redeacampa.org\/es\/#website","url":"https:\/\/coruna2017.redeacampa.org\/es\/","name":"Acampa 2017 - Pola paz e o dereito a refuxio","description":"Unha iniciativa cidadá sen fins de lucro integrada por colectivos sociais, culturais, educativos, veciñais, políticos, sindicais, artísticos, de persoas solidarias, de institucións e empresas con responsabilidade social que teñen como obxectivo a defensa dos dereitos humanos, o Dereito Internacional Humanitario e o Dereito a Refuxio.","potentialAction":[{"@type":"SearchAction","target":{"@type":"EntryPoint","urlTemplate":"https:\/\/coruna2017.redeacampa.org\/es\/?s={search_term_string}"},"query-input":{"@type":"PropertyValueSpecification","valueRequired":true,"valueName":"search_term_string"}}],"inLanguage":"es"}]}</script>
<!-- / Yoast SEO plugin. -->

Unha iniciativa cidadá sen fins de lucro integrada por colectivos sociais, culturais, educativos, veciñais, políticos, sindicais, artísticos, de persoas solidarias, de institucións e empresas con responsabilidade social que teñen como obxectivo a defensa dos dereitos humanos, o Dereito Internacional Humanitario e o Dereito a Refuxio.

© Xosé Abad

Kawa Hadji dejó Siria con destino Irak en 2013 y a Grecia llegó en febrero de 2016. La pintura le ha gustado desde bien pequeño y reconoce que es un enamorado de Goya y Picasso.

Además

El Quijote ha sido una inspiración constante en su arte
