{"id":33075,"date":"2017-04-04T17:45:33","date_gmt":"2017-04-04T15:45:33","guid":{"rendered":"http:\/\/2017.acampa.eu\/wp-content\/uploads\/juanMedina2.jpg"},"modified":"2017-04-04T17:45:33","modified_gmt":"2017-04-04T15:45:33","slug":"juanmedina2-2","status":"inherit","type":"attachment","link":"https:\/\/coruna2017.redeacampa.org\/gl\/events\/unha-foto-unha-historia\/juanmedina2-2\/","title":{"rendered":"Juan Medina"},"author":2,"featured_media":0,"comment_status":"open","ping_status":"closed","template":"","meta":{"_et_pb_use_builder":"","_et_pb_old_content":"","_et_gb_content_width":"","inline_featured_image":false},"class_list":["post-33075","attachment","type-attachment","status-inherit","hentry"],"yoast_head":"<!-- This site is optimized with the Yoast SEO plugin v27.4 - https:\/\/yoast.com\/product\/yoast-seo-wordpress\/ -->\n<title>Juan Medina | Acampa 2017 - Pola paz e o dereito a refuxio<\/title>\n<meta name=\"robots\" content=\"index, follow, max-snippet:-1, max-image-preview:large, max-video-preview:-1\" \/>\n<link rel=\"canonical\" href=\"https:\/\/coruna2017.redeacampa.org\/gl\/events\/unha-foto-unha-historia\/juanmedina2-2\/\" \/>\n<meta property=\"og:locale\" content=\"gl_ES\" \/>\n<meta property=\"og:type\" content=\"article\" \/>\n<meta property=\"og:title\" content=\"Juan Medina | Acampa 2017 - Pola paz e o dereito a refuxio\" \/>\n<meta property=\"og:description\" content=\"Juan Medina\" \/>\n<meta property=\"og:url\" content=\"https:\/\/coruna2017.redeacampa.org\/gl\/events\/unha-foto-unha-historia\/juanmedina2-2\/\" \/>\n<meta property=\"og:site_name\" content=\"Acampa 2017 - Pola paz e o dereito a refuxio\" \/>\n<meta property=\"og:image\" content=\"https:\/\/coruna2017.redeacampa.org\/wp-content\/uploads\/juanMedina2.jpg\" \/>\n\t<meta property=\"og:image:width\" content=\"660\" \/>\n\t<meta property=\"og:image:height\" content=\"371\" \/>\n\t<meta property=\"og:image:type\" content=\"image\/jpeg\" \/>\n<meta name=\"twitter:card\" content=\"summary_large_image\" \/>\n<script type=\"application\/ld+json\" class=\"yoast-schema-graph\">{\"@context\":\"https:\\\/\\\/schema.org\",\"@graph\":[{\"@type\":\"WebPage\",\"@id\":\"https:\\\/\\\/coruna2017.redeacampa.org\\\/gl\\\/events\\\/unha-foto-unha-historia\\\/juanmedina2-2\\\/\",\"url\":\"https:\\\/\\\/coruna2017.redeacampa.org\\\/gl\\\/events\\\/unha-foto-unha-historia\\\/juanmedina2-2\\\/\",\"name\":\"Juan Medina | Acampa 2017 - Pola paz e o dereito a refuxio\",\"isPartOf\":{\"@id\":\"https:\\\/\\\/coruna2017.redeacampa.org\\\/gl\\\/#website\"},\"datePublished\":\"2017-04-04T15:45:33+00:00\",\"breadcrumb\":{\"@id\":\"https:\\\/\\\/coruna2017.redeacampa.org\\\/gl\\\/events\\\/unha-foto-unha-historia\\\/juanmedina2-2\\\/#breadcrumb\"},\"inLanguage\":\"gl-ES\",\"potentialAction\":[{\"@type\":\"ReadAction\",\"target\":[\"https:\\\/\\\/coruna2017.redeacampa.org\\\/gl\\\/events\\\/unha-foto-unha-historia\\\/juanmedina2-2\\\/\"]}]},{\"@type\":\"BreadcrumbList\",\"@id\":\"https:\\\/\\\/coruna2017.redeacampa.org\\\/gl\\\/events\\\/unha-foto-unha-historia\\\/juanmedina2-2\\\/#breadcrumb\",\"itemListElement\":[{\"@type\":\"ListItem\",\"position\":1,\"name\":\"Portada\",\"item\":\"https:\\\/\\\/coruna2017.redeacampa.org\\\/gl\\\/\"},{\"@type\":\"ListItem\",\"position\":2,\"name\":\"Juan Medina\"}]},{\"@type\":\"WebSite\",\"@id\":\"https:\\\/\\\/coruna2017.redeacampa.org\\\/gl\\\/#website\",\"url\":\"https:\\\/\\\/coruna2017.redeacampa.org\\\/gl\\\/\",\"name\":\"Acampa 2017 - Pola paz e o dereito a refuxio\",\"description\":\"Unha iniciativa cidad\u00e1 sen fins de lucro integrada por colectivos sociais, culturais, educativos, veci\u00f1ais, pol\u00edticos, sindicais, art\u00edsticos, de persoas solidarias, de instituci\u00f3ns e empresas con responsabilidade social que te\u00f1en como obxectivo a defensa dos dereitos humanos, o Dereito Internacional Humanitario e o Dereito a Refuxio.\",\"potentialAction\":[{\"@type\":\"SearchAction\",\"target\":{\"@type\":\"EntryPoint\",\"urlTemplate\":\"https:\\\/\\\/coruna2017.redeacampa.org\\\/gl\\\/?s={search_term_string}\"},\"query-input\":{\"@type\":\"PropertyValueSpecification\",\"valueRequired\":true,\"valueName\":\"search_term_string\"}}],\"inLanguage\":\"gl-ES\"}]}<\/script>\n<!-- \/ Yoast SEO plugin. -->","yoast_head_json":{"title":"Juan Medina | Acampa 2017 - Pola paz e o dereito a refuxio","robots":{"index":"index","follow":"follow","max-snippet":"max-snippet:-1","max-image-preview":"max-image-preview:large","max-video-preview":"max-video-preview:-1"},"canonical":"https:\/\/coruna2017.redeacampa.org\/gl\/events\/unha-foto-unha-historia\/juanmedina2-2\/","og_locale":"gl_ES","og_type":"article","og_title":"Juan Medina | Acampa 2017 - Pola paz e o dereito a refuxio","og_description":"Juan Medina","og_url":"https:\/\/coruna2017.redeacampa.org\/gl\/events\/unha-foto-unha-historia\/juanmedina2-2\/","og_site_name":"Acampa 2017 - Pola paz e o dereito a refuxio","og_image":[{"width":660,"height":371,"url":"https:\/\/coruna2017.redeacampa.org\/wp-content\/uploads\/juanMedina2.jpg","type":"image\/jpeg"}],"twitter_card":"summary_large_image","schema":{"@context":"https:\/\/schema.org","@graph":[{"@type":"WebPage","@id":"https:\/\/coruna2017.redeacampa.org\/gl\/events\/unha-foto-unha-historia\/juanmedina2-2\/","url":"https:\/\/coruna2017.redeacampa.org\/gl\/events\/unha-foto-unha-historia\/juanmedina2-2\/","name":"Juan Medina | Acampa 2017 - Pola paz e o dereito a refuxio","isPartOf":{"@id":"https:\/\/coruna2017.redeacampa.org\/gl\/#website"},"datePublished":"2017-04-04T15:45:33+00:00","breadcrumb":{"@id":"https:\/\/coruna2017.redeacampa.org\/gl\/events\/unha-foto-unha-historia\/juanmedina2-2\/#breadcrumb"},"inLanguage":"gl-ES","potentialAction":[{"@type":"ReadAction","target":["https:\/\/coruna2017.redeacampa.org\/gl\/events\/unha-foto-unha-historia\/juanmedina2-2\/"]}]},{"@type":"BreadcrumbList","@id":"https:\/\/coruna2017.redeacampa.org\/gl\/events\/unha-foto-unha-historia\/juanmedina2-2\/#breadcrumb","itemListElement":[{"@type":"ListItem","position":1,"name":"Portada","item":"https:\/\/coruna2017.redeacampa.org\/gl\/"},{"@type":"ListItem","position":2,"name":"Juan Medina"}]},{"@type":"WebSite","@id":"https:\/\/coruna2017.redeacampa.org\/gl\/#website","url":"https:\/\/coruna2017.redeacampa.org\/gl\/","name":"Acampa 2017 - Pola paz e o dereito a refuxio","description":"Unha iniciativa cidad\u00e1 sen fins de lucro integrada por colectivos sociais, culturais, educativos, veci\u00f1ais, pol\u00edticos, sindicais, art\u00edsticos, de persoas solidarias, de instituci\u00f3ns e empresas con responsabilidade social que te\u00f1en como obxectivo a defensa dos dereitos humanos, o Dereito Internacional Humanitario e o Dereito a Refuxio.","potentialAction":[{"@type":"SearchAction","target":{"@type":"EntryPoint","urlTemplate":"https:\/\/coruna2017.redeacampa.org\/gl\/?s={search_term_string}"},"query-input":{"@type":"PropertyValueSpecification","valueRequired":true,"valueName":"search_term_string"}}],"inLanguage":"gl-ES"}]}},"description":{"rendered":"<p class=\"attachment\"><a href='https:\/\/coruna2017.redeacampa.org\/wp-content\/uploads\/juanMedina2.jpg'><img loading=\"lazy\" decoding=\"async\" width=\"300\" height=\"169\" src=\"https:\/\/coruna2017.redeacampa.org\/wp-content\/uploads\/juanMedina2-300x169.jpg\" class=\"attachment-medium size-medium\" alt=\"\" srcset=\"https:\/\/coruna2017.redeacampa.org\/wp-content\/uploads\/juanMedina2-300x169.jpg 300w, https:\/\/coruna2017.redeacampa.org\/wp-content\/uploads\/juanMedina2.jpg 660w\" sizes=\"(max-width: 300px) 100vw, 300px\" \/><\/a><\/p>\n<p>Juan Medina<\/p>\n"},"caption":{"rendered":"<p>Juan Medina<\/p>\n"},"alt_text":"","media_type":"image","mime_type":"image\/jpeg","media_details":{"width":660,"height":371,"file":"juanMedina2.jpg","sizes":{"thumbnail":{"file":"juanMedina2-150x150.jpg","width":150,"height":150,"mime_type":"image\/jpeg","source_url":"https:\/\/coruna2017.redeacampa.org\/wp-content\/uploads\/juanMedina2-150x150.jpg"},"medium":{"file":"juanMedina2-300x169.jpg","width":300,"height":169,"mime_type":"image\/jpeg","source_url":"https:\/\/coruna2017.redeacampa.org\/wp-content\/uploads\/juanMedina2-300x169.jpg"},"et-pb-post-main-image":{"file":"juanMedina2-400x250.jpg","width":400,"height":250,"mime_type":"image\/jpeg","source_url":"https:\/\/coruna2017.redeacampa.org\/wp-content\/uploads\/juanMedina2-400x250.jpg"},"et-pb-portfolio-image":{"file":"juanMedina2-400x284.jpg","width":400,"height":284,"mime_type":"image\/jpeg","source_url":"https:\/\/coruna2017.redeacampa.org\/wp-content\/uploads\/juanMedina2-400x284.jpg"},"et-pb-portfolio-module-image":{"file":"juanMedina2-510x371.jpg","width":510,"height":371,"mime_type":"image\/jpeg","source_url":"https:\/\/coruna2017.redeacampa.org\/wp-content\/uploads\/juanMedina2-510x371.jpg"},"et-pb-gallery-module-image-portrait":{"file":"juanMedina2-400x371.jpg","width":400,"height":371,"mime_type":"image\/jpeg","source_url":"https:\/\/coruna2017.redeacampa.org\/wp-content\/uploads\/juanMedina2-400x371.jpg"},"full":{"file":"juanMedina2.jpg","width":660,"height":371,"mime_type":"image\/jpeg","source_url":"https:\/\/coruna2017.redeacampa.org\/wp-content\/uploads\/juanMedina2.jpg"}},"image_meta":{"aperture":"0","credit":"","camera":"","caption":"","created_timestamp":"0","copyright":"","focal_length":"0","iso":"0","shutter_speed":"0","title":"","orientation":"0","keywords":[]}},"post":34351,"source_url":"https:\/\/coruna2017.redeacampa.org\/wp-content\/uploads\/juanMedina2.jpg","_links":{"self":[{"href":"https:\/\/coruna2017.redeacampa.org\/gl\/wp-json\/wp\/v2\/media\/33075","targetHints":{"allow":["GET"]}}],"collection":[{"href":"https:\/\/coruna2017.redeacampa.org\/gl\/wp-json\/wp\/v2\/media"}],"about":[{"href":"https:\/\/coruna2017.redeacampa.org\/gl\/wp-json\/wp\/v2\/types\/attachment"}],"author":[{"embeddable":true,"href":"https:\/\/coruna2017.redeacampa.org\/gl\/wp-json\/wp\/v2\/users\/2"}],"replies":[{"embeddable":true,"href":"https:\/\/coruna2017.redeacampa.org\/gl\/wp-json\/wp\/v2\/comments?post=33075"}],"wp:attached-to":[{"embeddable":true,"post_type":"ajde_events","id":34351,"href":"https:\/\/coruna2017.redeacampa.org\/gl\/wp-json\/wp\/v2\/ajde_events\/34351"}],"curies":[{"name":"wp","href":"https:\/\/api.w.org\/{rel}","templated":true}]}}

<!-- This site is optimized with the Yoast SEO plugin v27.4 - https://yoast.com/product/yoast-seo-wordpress/ -->
<title>Juan Medina | Acampa 2017 - Pola paz e o dereito a refuxio</title>
<meta name="robots" content="index, follow, max-snippet:-1, max-image-preview:large, max-video-preview:-1" />
<link rel="canonical" href="https://coruna2017.redeacampa.org/gl/events/unha-foto-unha-historia/juanmedina2-2/" />
<meta property="og:locale" content="gl_ES" />
<meta property="og:type" content="article" />
<meta property="og:title" content="Juan Medina | Acampa 2017 - Pola paz e o dereito a refuxio" />
<meta property="og:description" content="Juan Medina" />
<meta property="og:url" content="https://coruna2017.redeacampa.org/gl/events/unha-foto-unha-historia/juanmedina2-2/" />
<meta property="og:site_name" content="Acampa 2017 - Pola paz e o dereito a refuxio" />
<meta property="og:image" content="https://coruna2017.redeacampa.org/wp-content/uploads/juanMedina2.jpg" />
	<meta property="og:image:width" content="660" />
	<meta property="og:image:height" content="371" />
	<meta property="og:image:type" content="image/jpeg" />
<meta name="twitter:card" content="summary_large_image" />
<script type="application/ld+json" class="yoast-schema-graph">{"@context":"https:\/\/schema.org","@graph":[{"@type":"WebPage","@id":"https:\/\/coruna2017.redeacampa.org\/gl\/events\/unha-foto-unha-historia\/juanmedina2-2\/","url":"https:\/\/coruna2017.redeacampa.org\/gl\/events\/unha-foto-unha-historia\/juanmedina2-2\/","name":"Juan Medina | Acampa 2017 - Pola paz e o dereito a refuxio","isPartOf":{"@id":"https:\/\/coruna2017.redeacampa.org\/gl\/#website"},"datePublished":"2017-04-04T15:45:33+00:00","breadcrumb":{"@id":"https:\/\/coruna2017.redeacampa.org\/gl\/events\/unha-foto-unha-historia\/juanmedina2-2\/#breadcrumb"},"inLanguage":"gl-ES","potentialAction":[{"@type":"ReadAction","target":["https:\/\/coruna2017.redeacampa.org\/gl\/events\/unha-foto-unha-historia\/juanmedina2-2\/"]}]},{"@type":"BreadcrumbList","@id":"https:\/\/coruna2017.redeacampa.org\/gl\/events\/unha-foto-unha-historia\/juanmedina2-2\/#breadcrumb","itemListElement":[{"@type":"ListItem","position":1,"name":"Portada","item":"https:\/\/coruna2017.redeacampa.org\/gl\/"},{"@type":"ListItem","position":2,"name":"Juan Medina"}]},{"@type":"WebSite","@id":"https:\/\/coruna2017.redeacampa.org\/gl\/#website","url":"https:\/\/coruna2017.redeacampa.org\/gl\/","name":"Acampa 2017 - Pola paz e o dereito a refuxio","description":"Unha iniciativa cidadá sen fins de lucro integrada por colectivos sociais, culturais, educativos, veciñais, políticos, sindicais, artísticos, de persoas solidarias, de institucións e empresas con responsabilidade social que teñen como obxectivo a defensa dos dereitos humanos, o Dereito Internacional Humanitario e o Dereito a Refuxio.","potentialAction":[{"@type":"SearchAction","target":{"@type":"EntryPoint","urlTemplate":"https:\/\/coruna2017.redeacampa.org\/gl\/?s={search_term_string}"},"query-input":{"@type":"PropertyValueSpecification","valueRequired":true,"valueName":"search_term_string"}}],"inLanguage":"gl-ES"}]}</script>
<!-- / Yoast SEO plugin. -->

Unha iniciativa cidadá sen fins de lucro integrada por colectivos sociais, culturais, educativos, veciñais, políticos, sindicais, artísticos, de persoas solidarias, de institucións e empresas con responsabilidade social que teñen como obxectivo a defensa dos dereitos humanos, o Dereito Internacional Humanitario e o Dereito a Refuxio.
